{"id":65,"date":"2017-09-19T21:38:32","date_gmt":"2017-09-19T19:38:32","guid":{"rendered":"http:\/\/coreaga-conseil.fr\/?page_id=65"},"modified":"2024-02-20T17:53:51","modified_gmt":"2024-02-20T16:53:51","slug":"notre-equipe","status":"publish","type":"page","link":"https:\/\/coreaga-conseil.fr\/?page_id=65","title":{"rendered":"Notre \u00e9quipe"},"content":{"rendered":"<p>Une \u00e9quipe de consultants-formateurs sp\u00e9cialistes du d\u00e9veloppement du potentiel des \u00e9quipes et des personnes.<\/p>\n","protected":false},"excerpt":{"rendered":"<p>Une \u00e9quipe de consultants-formateurs sp\u00e9cialistes du d\u00e9veloppement du potentiel des \u00e9quipes et des personnes.<\/p>\n","protected":false},"author":1,"featured_media":3246,"parent":0,"menu_order":0,"comment_status":"closed","ping_status":"closed","template":"","meta":[],"_links":{"self":[{"href":"https:\/\/coreaga-conseil.fr\/index.php?rest_route=\/wp\/v2\/pages\/65"}],"collection":[{"href":"https:\/\/coreaga-conseil.fr\/index.php?rest_route=\/wp\/v2\/pages"}],"about":[{"href":"https:\/\/coreaga-conseil.fr\/index.php?rest_route=\/wp\/v2\/types\/page"}],"author":[{"embeddable":true,"href":"https:\/\/coreaga-conseil.fr\/index.php?rest_route=\/wp\/v2\/users\/1"}],"replies":[{"embeddable":true,"href":"https:\/\/coreaga-conseil.fr\/index.php?rest_route=%2Fwp%2Fv2%2Fcomments&post=65"}],"version-history":[{"count":5,"href":"https:\/\/coreaga-conseil.fr\/index.php?rest_route=\/wp\/v2\/pages\/65\/revisions"}],"predecessor-version":[{"id":3247,"href":"https:\/\/coreaga-conseil.fr\/index.php?rest_route=\/wp\/v2\/pages\/65\/revisions\/3247"}],"wp:featuredmedia":[{"embeddable":true,"href":"https:\/\/coreaga-conseil.fr\/index.php?rest_route=\/wp\/v2\/media\/3246"}],"wp:attachment":[{"href":"https:\/\/coreaga-conseil.fr\/index.php?rest_route=%2Fwp%2Fv2%2Fmedia&parent=65"}],"curies":[{"name":"wp","href":"https:\/\/api.w.org\/{rel}","templated":true}]}}