{"id":50,"date":"2017-09-19T19:27:52","date_gmt":"2017-09-19T17:27:52","guid":{"rendered":"http:\/\/coreaga-conseil.fr\/?page_id=50"},"modified":"2021-11-30T18:01:15","modified_gmt":"2021-11-30T17:01:15","slug":"nos-certifications-section","status":"publish","type":"page","link":"https:\/\/coreaga-conseil.fr\/?page_id=50","title":{"rendered":"Des formations Niveau 2 Praticien pour les professionnels de l&#8217;accompagnement"},"content":{"rendered":"<p>Nos formations Niveau 2 Praticien s\u2019adressent aux consultants, aux professionnels de l\u2019entreprise en charge de l\u2019humain et du d\u00e9veloppement du potentiel, aux leaders, aux formateurs, aux coachs et \u00e0 toute personne souhaitant poursuivre sa professionnalisation dans l\u2019accompagnement des \u00e9quipes.<\/p>\n<p>Un jury d\u00e9lib\u00e8re en fin de formation \u00e0 l&#8217;aide d&#8217;une grille d&#8217;\u00e9valuation des comp\u00e9tences acquises si le stagiaire est en mesure d&#8217;\u00eatre certifi\u00e9. Un certificat est remis \u00e0 chaque stagiaire certifi\u00e9.<\/p>\n<p>En savoir + sur notre <a href=\"http:\/\/coreaga-conseil.fr\/?page_id=77\" target=\"_blank\" rel=\"noopener noreferrer\"><b>Formation El\u00e9ment Humain<\/b><\/a><b><a href=\"http:\/\/coreaga-conseil.fr\/?page_id=77\" target=\"_blank\" rel=\"noopener noreferrer\">\u00ae<\/a> &#8220;Accompagner \u00e9quipes et <\/b><span style=\"font-weight: 600;\">organisations<\/span><b>\u00a0dans les trans<\/b><span style=\"font-weight: 600;\">formations<\/span><b> culturelles, num\u00e9riques et \u00e9conomiques&#8221; &#8211; Niveau 2 Praticien<\/b><\/p>\n\n\n<div class=\"wp-block-group\"><div class=\"wp-block-group__inner-container\">\n<hr class=\"wp-block-separator\"\/>\n<\/div><\/div>\n\n\n\n<figure class=\"wp-block-image size-large\"><img loading=\"lazy\" width=\"1024\" height=\"577\" src=\"http:\/\/coreaga-conseil.fr\/wp-content\/uploads\/2021\/03\/Stats-certifs-V2-1-1024x577.png\" alt=\"\" class=\"wp-image-2871\" srcset=\"https:\/\/coreaga-conseil.fr\/wp-content\/uploads\/2021\/03\/Stats-certifs-V2-1-1024x577.png 1024w, https:\/\/coreaga-conseil.fr\/wp-content\/uploads\/2021\/03\/Stats-certifs-V2-1-300x169.png 300w, https:\/\/coreaga-conseil.fr\/wp-content\/uploads\/2021\/03\/Stats-certifs-V2-1-768x433.png 768w, https:\/\/coreaga-conseil.fr\/wp-content\/uploads\/2021\/03\/Stats-certifs-V2-1-400x225.png 400w, https:\/\/coreaga-conseil.fr\/wp-content\/uploads\/2021\/03\/Stats-certifs-V2-1-860x484.png 860w, https:\/\/coreaga-conseil.fr\/wp-content\/uploads\/2021\/03\/Stats-certifs-V2-1.png 1282w\" sizes=\"(max-width: 1024px) 100vw, 1024px\" \/><\/figure>\n\n\n\n<p>Nos certifications obtiennent un score de 100% d&#8217;obtention des certifications pour la <a rel=\"noreferrer noopener\" href=\"http:\/\/coreaga-conseil.fr\/?page_id=77\" target=\"_blank\"><strong>Formation El\u00e9ment Humain<\/strong><\/a><strong><a rel=\"noreferrer noopener\" href=\"http:\/\/coreaga-conseil.fr\/?page_id=77\" target=\"_blank\">\u00ae<\/a>-&#8220;Accompagner \u00e9quipes et\u00a0organisations\u00a0dans les transformations\u00a0culturelles, num\u00e9riques et \u00e9conomiques<\/strong>&#8221; &#8211; Niveau 2 Praticien.<\/p>\n\n\n\n<p>Cela gr\u00e2ce aux entretiens pr\u00e9alables de s\u00e9lection men\u00e9s en amont de l&#8217;acc\u00e8s \u00e0 nos formations Niveau 2 Praticien.<\/p>\n\n\n\n<p>En 2020, 20 stagiaires ont \u00e9t\u00e9 accept\u00e9s apr\u00e8s entretien pour participer \u00e0 la certification El\u00e9ment Humain de F\u00e9vrier 2021.<br>21 stagiaires ont \u00e9t\u00e9 pr\u00e9-accept\u00e9s pour participer \u00e0 la certification qui aura lieu en 2022 et ce, apr\u00e8s un nouvel entretien approfondi en 2021 sur leur projet professionnel.<br>Sur les 20 stagiaires accept\u00e9s apr\u00e8s entretien, 18 stagiaires effectifs se sont  pr\u00e9sent\u00e9s durant la certification de F\u00e9vrier 2021.<br>Seules 14 personnes  sur l&#8217;ensemble des demandes ont vu leur dossier rejet\u00e9.<br><\/p>\n\n\n\n<p><strong>PROCHAINES DATES DE FORMATION NIVEAU 2 PRATICIEN<\/strong><\/p>\n\n\n\n<ul><li><strong>Paris<\/strong>, du\u00a0<strong>27 juin au 08 juillet 2022<\/strong><\/li><\/ul>\n\n\n\n<p><\/p>\n\n\n\n<p><\/p>\n","protected":false},"excerpt":{"rendered":"<p>Nos formations Niveau 2 Praticien s\u2019adressent aux consultants, aux professionnels de l\u2019entreprise en charge de l\u2019humain et du d\u00e9veloppement du potentiel, aux leaders, aux formateurs, aux coachs et \u00e0 toute personne souhaitant poursuivre sa professionnalisation dans l\u2019accompagnement des \u00e9quipes. Un <a class=\"more-link\" href=\"https:\/\/coreaga-conseil.fr\/?page_id=50\">Lire plus\u00a0\u2026<\/a><\/p>\n","protected":false},"author":1,"featured_media":139,"parent":0,"menu_order":0,"comment_status":"closed","ping_status":"closed","template":"","meta":[],"_links":{"self":[{"href":"https:\/\/coreaga-conseil.fr\/index.php?rest_route=\/wp\/v2\/pages\/50"}],"collection":[{"href":"https:\/\/coreaga-conseil.fr\/index.php?rest_route=\/wp\/v2\/pages"}],"about":[{"href":"https:\/\/coreaga-conseil.fr\/index.php?rest_route=\/wp\/v2\/types\/page"}],"author":[{"embeddable":true,"href":"https:\/\/coreaga-conseil.fr\/index.php?rest_route=\/wp\/v2\/users\/1"}],"replies":[{"embeddable":true,"href":"https:\/\/coreaga-conseil.fr\/index.php?rest_route=%2Fwp%2Fv2%2Fcomments&post=50"}],"version-history":[{"count":24,"href":"https:\/\/coreaga-conseil.fr\/index.php?rest_route=\/wp\/v2\/pages\/50\/revisions"}],"predecessor-version":[{"id":3039,"href":"https:\/\/coreaga-conseil.fr\/index.php?rest_route=\/wp\/v2\/pages\/50\/revisions\/3039"}],"wp:featuredmedia":[{"embeddable":true,"href":"https:\/\/coreaga-conseil.fr\/index.php?rest_route=\/wp\/v2\/media\/139"}],"wp:attachment":[{"href":"https:\/\/coreaga-conseil.fr\/index.php?rest_route=%2Fwp%2Fv2%2Fmedia&parent=50"}],"curies":[{"name":"wp","href":"https:\/\/api.w.org\/{rel}","templated":true}]}}