{"id":201,"date":"2017-12-19T15:28:43","date_gmt":"2017-12-19T14:28:43","guid":{"rendered":"http:\/\/coreaga-conseil.fr\/?page_id=201"},"modified":"2024-02-22T13:48:59","modified_gmt":"2024-02-22T12:48:59","slug":"questions-les-plus-frequemment-posees","status":"publish","type":"page","link":"https:\/\/coreaga-conseil.fr\/?page_id=201","title":{"rendered":"Questions fr\u00e9quemment pos\u00e9es"},"content":{"rendered":"<p style=\"text-align: center;\"><img loading=\"lazy\" class=\"wp-image-204 alignnone\" src=\"http:\/\/coreaga-conseil.fr\/wp-content\/uploads\/2017\/12\/foq-icon.jpg\" alt=\"\" width=\"139\" height=\"139\" srcset=\"https:\/\/coreaga-conseil.fr\/wp-content\/uploads\/2017\/12\/foq-icon.jpg 626w, https:\/\/coreaga-conseil.fr\/wp-content\/uploads\/2017\/12\/foq-icon-150x150.jpg 150w, https:\/\/coreaga-conseil.fr\/wp-content\/uploads\/2017\/12\/foq-icon-300x300.jpg 300w\" sizes=\"(max-width: 139px) 100vw, 139px\" \/><\/p>\n<p><em>1 -Formation El\u00e9ment Humain \u2013 Accompagner \u00e9quipes et organisations dans les transformations culturelles, num\u00e9riques et \u00e9conomiques \u2013 Niveau 2 Praticien\u00a0&#8211; J\u2019ai fait un travail important sur moi-m\u00eame, ai plusieurs certifications et suis un consultant\/coach tr\u00e8s exp\u00e9riment\u00e9, puis-je acc\u00e9der directement au niveau 2 Praticien de la formation El\u00e9ment Humain \u2013 Accompagner \u00e9quipes et organisations dans les transformations culturelles, num\u00e9riques et \u00e9conomiques ?<\/em><\/p>\n<p><strong>R\u00e9ponse :<\/strong> Pour acc\u00e9der \u00e0 la formation El\u00e9ment Humain \u2013 Accompagner \u00e9quipes et organisations dans les transformations culturelles, num\u00e9riques et \u00e9conomiques \u2013 Niveau 2 Praticien, vous devrez absolument avoir suivi le Niveau 1 complet (La Pierre Angulaire, 30 h &amp; Solutions pour l&#8217;Organisation, 20 h). Il serait difficile d\u2019accompagner les \u00e9quipes sans avoir v\u00e9cu vous-m\u00eame le parcours. Vous serez ensuite s\u00e9lectionn\u00e9 suite \u00e0 un entretien au cours duquel vous pr\u00e9senterez votre projet professionnel.<\/p>\n<p><em>2 -Formation El\u00e9ment Humain\u00ae \u201cAccompagner \u00e9quipes et organisations dans les transformations culturelles, num\u00e9riques et \u00e9conomiques\u201d \u2013 Niveau 1 &#8211;\u00a0Puis-je participer uniquement au premier module ?<\/em><\/p>\n<p><strong>R\u00e9ponse\u00a0:<\/strong> Tout \u00e0 fait si vous voulez travailler uniquement votre connaissance de vous-m\u00eame. En revanche, cela ne sera pas suffisant pour travailler comme leader d\u2019\u00e9quipes.<\/p>\n<p><em>3 &#8211; Y a-t-il des pr\u00e9requis pour participer \u00e0 la formation \u201cS\u00e9curiser le parcours professionnel \u2013 ICS\u201d Niveau 1\u00a0?<\/em><\/p>\n<p><strong>R\u00e9ponse :<\/strong> Non, aucun pr\u00e9requis n\u2019est demand\u00e9. Vouloir r\u00e9fl\u00e9chir \u00e0 votre vie professionnelle est suffisant.<\/p>\n<p><em>4 &#8211; Puis-je utiliser mon CPF pour vos formations\u00a0?<\/em><\/p>\n<p><strong>R\u00e9ponse :<\/strong> Non, nos formations ne sont pas \u00e9ligibles au financement CPF.<\/p>\n<p><em>5 &#8211; Puis-je suivre la formation \u201cS\u00e9curiser le parcours professionnel \u2013 ICS\u201d Niveau 1\u00a0en individuel ?<\/em><\/p>\n<p><strong>R\u00e9ponse\u00a0:<\/strong> Tout \u00e0 fait. Vous pouvez choisir d\u2019\u00eatre accompagn\u00e9.e individuellement ou collectivement \u2013 voire un &#8220;mix&#8221; des deux si cela para\u00eet pertinent.<\/p>\n<p><em>6 &#8211; Puis-je utiliser, apr\u00e8s une formation El\u00e9ment Humain ou S\u00e9curiser le Parcours Professionnel, les exercices en tant que formateur ?<\/em><\/p>\n<p><strong>R\u00e9ponse :<\/strong> Non, uniquement les personnes ayant suivi le Niveau 2 Praticien sont autoris\u00e9es \u00e0 utiliser le mat\u00e9riel El\u00e9ment Humain ou S\u00e9curiser le Parcours Professionnel. Elles s\u2018engagent \u00e0 utiliser les documents officiels qui sont sous propri\u00e9t\u00e9 intellectuelle.<\/p>\n<p><em>7 &#8211; Puis-je \u00eatre supervis\u00e9 ou coach\u00e9 par vous-m\u00eame si je ne suis pas form\u00e9 \u00e0 L\u2019El\u00e9ment Humain\u00ae\u00a0?<\/em><\/p>\n<p><strong>R\u00e9ponse\u00a0:<\/strong> Oui, c&#8217;est tout \u00e0 fait possible. Vous \u00eates supervis\u00e9 pour vos activit\u00e9s professionnelles de consultant et de coach. Vous \u00eates coach\u00e9 pour toute demande professionnelle.<\/p>\n<p><em>8 &#8211; Est-ce que vos supervisions sont reconnues par les entreprises\u00a0?<\/em><\/p>\n<p><strong>R\u00e9ponse :<\/strong> Oui, tous les ans vous recevrez une attestation de supervision que vous remettrez aux entreprises.<\/p>\n<p><em>9 &#8211; Pouvons-nous vous demander d\u2019intervenir dans notre entreprise pour accompagner les \u00e9quipes \u2013 mais sept jours, c\u2019est trop long&#8230;<\/em><\/p>\n<p><strong>R\u00e9ponse :<\/strong> Oui c\u2019est possible. Ce que nous prenons en compte, c\u2019est votre demande ; et nous b\u00e2tissons avec vous un programme sur mesure en fonction de vos besoins. L\u2019El\u00e9ment Humain\u00ae offre cette souplesse, quelle que soit la taille de votre entreprise et quelles que soient les probl\u00e9matiques humaines qui sont les v\u00f4tres (changement de culture, fusion, prises de d\u00e9cision, autonomie des collaborateurs, leadership, \u2026)<\/p>\n<p><em>10 &#8211; Est-ce que vos formations, cela marche\u00a0?<\/em><\/p>\n<p><strong>R\u00e9ponse :<\/strong> Elles ont de tr\u00e8s beaux r\u00e9sultats si vous \u00eates pr\u00eat(e)s vous-m\u00eame \u00e0 changer. Nous ne pourrons rien faire sans votre envie.<\/p>\n<p><em>11 &#8211; Votre organisme de formation est-il certifi\u00e9 Qualiopi ? Si oui, o\u00f9 puis-je trouver votre certificat ?<\/em><\/p>\n<p><strong>R\u00e9ponse :<\/strong> Oui, Cor\u00e9aga Conseil est certifi\u00e9 Qualiopi. Vous trouverez notre certificat en cliquant sur le lien suivant <a href=\"http:\/\/coreaga-conseil.fr\/wp-content\/uploads\/2024\/02\/certificate_206_OF_S1_17nov2022.pdf\">http:\/\/coreaga-conseil.fr\/wp-content\/uploads\/2024\/02\/certificate_206_OF_S1_17nov2022.pdf<\/a> ou sur notre page <b>&#8220;Nos formations&#8221;.<\/b><\/p>\n<p><em>12 &#8211; Y a-t-il un d\u00e9lai d&#8217;inscription \u00e0 respecter ?<\/em><\/p>\n<p><strong>R\u00e9ponse :<\/strong> Oui, nos formations sont disponibles \u00e0 l&#8217;inscription jusqu&#8217;\u00e0 1 semaine avant la date de d\u00e9but de formation. Dans le cas o\u00f9 vous souhaiteriez faire appel \u00e0 un organisme financeur (Opco, P\u00f4le Emploi, etc.), le d\u00e9lai est report\u00e9 \u00e0 1 mois avant la date de d\u00e9but de formation. Cela pour vous permettre d&#8217;obtenir l&#8217;accord de financement et de nous le transmettre.<\/p>\n","protected":false},"excerpt":{"rendered":"<p>1 -Formation El\u00e9ment Humain \u2013 Accompagner \u00e9quipes et organisations dans les transformations culturelles, num\u00e9riques et \u00e9conomiques \u2013 Niveau 2 Praticien\u00a0&#8211; J\u2019ai fait un travail important sur moi-m\u00eame, ai plusieurs certifications et suis un consultant\/coach tr\u00e8s exp\u00e9riment\u00e9, puis-je acc\u00e9der directement au <a class=\"more-link\" href=\"https:\/\/coreaga-conseil.fr\/?page_id=201\">Lire plus\u00a0\u2026<\/a><\/p>\n","protected":false},"author":1,"featured_media":0,"parent":0,"menu_order":0,"comment_status":"closed","ping_status":"closed","template":"","meta":[],"_links":{"self":[{"href":"https:\/\/coreaga-conseil.fr\/index.php?rest_route=\/wp\/v2\/pages\/201"}],"collection":[{"href":"https:\/\/coreaga-conseil.fr\/index.php?rest_route=\/wp\/v2\/pages"}],"about":[{"href":"https:\/\/coreaga-conseil.fr\/index.php?rest_route=\/wp\/v2\/types\/page"}],"author":[{"embeddable":true,"href":"https:\/\/coreaga-conseil.fr\/index.php?rest_route=\/wp\/v2\/users\/1"}],"replies":[{"embeddable":true,"href":"https:\/\/coreaga-conseil.fr\/index.php?rest_route=%2Fwp%2Fv2%2Fcomments&post=201"}],"version-history":[{"count":10,"href":"https:\/\/coreaga-conseil.fr\/index.php?rest_route=\/wp\/v2\/pages\/201\/revisions"}],"predecessor-version":[{"id":3258,"href":"https:\/\/coreaga-conseil.fr\/index.php?rest_route=\/wp\/v2\/pages\/201\/revisions\/3258"}],"wp:attachment":[{"href":"https:\/\/coreaga-conseil.fr\/index.php?rest_route=%2Fwp%2Fv2%2Fmedia&parent=201"}],"curies":[{"name":"wp","href":"https:\/\/api.w.org\/{rel}","templated":true}]}}

Questions fréquemment posées

<p style="text-align: center;"><img loading="lazy" class="wp-image-204 alignnone" src="http://coreaga-conseil.fr/wp-content/uploads/2017/12/foq-icon.jpg" alt="" width="139" height="139" srcset="https://coreaga-conseil.fr/wp-content/uploads/2017/12/foq-icon.jpg 626w, https://coreaga-conseil.fr/wp-content/uploads/2017/12/foq-icon-150x150.jpg 150w, https://coreaga-conseil.fr/wp-content/uploads/2017/12/foq-icon-300x300.jpg 300w" sizes="(max-width: 139px) 100vw, 139px" /></p>
<p><em>1 -Formation Elément Humain – Accompagner équipes et organisations dans les transformations culturelles, numériques et économiques – Niveau 2 Praticien &#8211; J’ai fait un travail important sur moi-même, ai plusieurs certifications et suis un consultant/coach très expérimenté, puis-je accéder directement au niveau 2 Praticien de la formation Elément Humain – Accompagner équipes et organisations dans les transformations culturelles, numériques et économiques ?</em></p>
<p><strong>Réponse :</strong> Pour accéder à la formation Elément Humain – Accompagner équipes et organisations dans les transformations culturelles, numériques et économiques – Niveau 2 Praticien, vous devrez absolument avoir suivi le Niveau 1 complet (La Pierre Angulaire, 30 h &amp; Solutions pour l&#8217;Organisation, 20 h). Il serait difficile d’accompagner les équipes sans avoir vécu vous-même le parcours. Vous serez ensuite sélectionné suite à un entretien au cours duquel vous présenterez votre projet professionnel.</p>
<p><em>2 -Formation Elément Humain® “Accompagner équipes et organisations dans les transformations culturelles, numériques et économiques” – Niveau 1 &#8211; Puis-je participer uniquement au premier module ?</em></p>
<p><strong>Réponse :</strong> Tout à fait si vous voulez travailler uniquement votre connaissance de vous-même. En revanche, cela ne sera pas suffisant pour travailler comme leader d’équipes.</p>
<p><em>3 &#8211; Y a-t-il des prérequis pour participer à la formation “Sécuriser le parcours professionnel – ICS” Niveau 1 ?</em></p>
<p><strong>Réponse :</strong> Non, aucun prérequis n’est demandé. Vouloir réfléchir à votre vie professionnelle est suffisant.</p>
<p><em>4 &#8211; Puis-je utiliser mon CPF pour vos formations ?</em></p>
<p><strong>Réponse :</strong> Non, nos formations ne sont pas éligibles au financement CPF.</p>
<p><em>5 &#8211; Puis-je suivre la formation “Sécuriser le parcours professionnel – ICS” Niveau 1 en individuel ?</em></p>
<p><strong>Réponse :</strong> Tout à fait. Vous pouvez choisir d’être accompagné.e individuellement ou collectivement – voire un &#8220;mix&#8221; des deux si cela paraît pertinent.</p>
<p><em>6 &#8211; Puis-je utiliser, après une formation Elément Humain ou Sécuriser le Parcours Professionnel, les exercices en tant que formateur ?</em></p>
<p><strong>Réponse :</strong> Non, uniquement les personnes ayant suivi le Niveau 2 Praticien sont autorisées à utiliser le matériel Elément Humain ou Sécuriser le Parcours Professionnel. Elles s‘engagent à utiliser les documents officiels qui sont sous propriété intellectuelle.</p>
<p><em>7 &#8211; Puis-je être supervisé ou coaché par vous-même si je ne suis pas formé à L’Elément Humain® ?</em></p>
<p><strong>Réponse :</strong> Oui, c&#8217;est tout à fait possible. Vous êtes supervisé pour vos activités professionnelles de consultant et de coach. Vous êtes coaché pour toute demande professionnelle.</p>
<p><em>8 &#8211; Est-ce que vos supervisions sont reconnues par les entreprises ?</em></p>
<p><strong>Réponse :</strong> Oui, tous les ans vous recevrez une attestation de supervision que vous remettrez aux entreprises.</p>
<p><em>9 &#8211; Pouvons-nous vous demander d’intervenir dans notre entreprise pour accompagner les équipes – mais sept jours, c’est trop long&#8230;</em></p>
<p><strong>Réponse :</strong> Oui c’est possible. Ce que nous prenons en compte, c’est votre demande ; et nous bâtissons avec vous un programme sur mesure en fonction de vos besoins. L’Elément Humain® offre cette souplesse, quelle que soit la taille de votre entreprise et quelles que soient les problématiques humaines qui sont les vôtres (changement de culture, fusion, prises de décision, autonomie des collaborateurs, leadership, …)</p>
<p><em>10 &#8211; Est-ce que vos formations, cela marche ?</em></p>
<p><strong>Réponse :</strong> Elles ont de très beaux résultats si vous êtes prêt(e)s vous-même à changer. Nous ne pourrons rien faire sans votre envie.</p>
<p><em>11 &#8211; Votre organisme de formation est-il certifié Qualiopi ? Si oui, où puis-je trouver votre certificat ?</em></p>
<p><strong>Réponse :</strong> Oui, Coréaga Conseil est certifié Qualiopi. Vous trouverez notre certificat en cliquant sur le lien suivant <a href="http://coreaga-conseil.fr/wp-content/uploads/2024/02/certificate_206_OF_S1_17nov2022.pdf">http://coreaga-conseil.fr/wp-content/uploads/2024/02/certificate_206_OF_S1_17nov2022.pdf</a> ou sur notre page <b>&#8220;Nos formations&#8221;.</b></p>
<p><em>12 &#8211; Y a-t-il un délai d&#8217;inscription à respecter ?</em></p>
<p><strong>Réponse :</strong> Oui, nos formations sont disponibles à l&#8217;inscription jusqu&#8217;à 1 semaine avant la date de début de formation. Dans le cas où vous souhaiteriez faire appel à un organisme financeur (Opco, Pôle Emploi, etc.), le délai est reporté à 1 mois avant la date de début de formation. Cela pour vous permettre d&#8217;obtenir l&#8217;accord de financement et de nous le transmettre.</p>

<p>1 -Formation Elément Humain – Accompagner équipes et organisations dans les transformations culturelles, numériques et économiques – Niveau 2 Praticien &#8211; J’ai fait un travail important sur moi-même, ai plusieurs certifications et suis un consultant/coach très expérimenté, puis-je accéder directement au <a class="more-link" href="https://coreaga-conseil.fr/?page_id=201">Lire plus …</a></p>
